*2 + 1293*o - 1291. Calculate m(1).
-5
Let o(g) = -g**2 - 8*g + 148. Determine o(-27).
-365
Let s(t) = -22*t**2 - 67*t + 324. Calculate s(5).
-561
Let x(s) = -16*s + 936. Give x(59).
-8
Let o(k) = 424343*k + 30128361. Calculate o(-71).
8
Let s(d) = -2*d**2 - 646*d - 17. Determine s(0).
-17
Let t(z) = -z**3 - 96*z**2 + 2174*z + 162. What is t(19)?
-47
Let r(z) = -3757*z - 935532. What is r(-249)?
-39
Let o(q) = 7*q**3 + 26*q**2 + 36*q + 5. Give o(-2).
-19
Let h(o) = -6165*o - 160210. What is h(-26)?
80
Let s(f) = -2*f**3 + 109*f**2 - 106*f + 2805. Calculate s(54).
-3
Let h(b) = -699*b - 1382. Calculate h(-2).
16
Let u(f) = f**3 - 37*f**2 - 226*f + 3. What is u(0)?
3
Let r(t) = 1488*t + 927086. Give r(-623).
62
Let m(b) = -b**3 + 138*b**2 - 919*b - 197. Calculate m(131).
-459
Let o(z) = -35*z**2 + 3718*z - 792. What is o(106)?
56
Let o(d) = -2*d**3 - 12*d**2 - 405*d - 2408. Give o(-6).
22
Let y(i) = 12591*i + 1196169. What is y(-95)?
24
Let w(r) = -3*r**3 + 11*r**2 - 1246*r + 12344. Give w(10).
-2016
Let k(y) = 11*y**2 - 304*y + 5147. Determine k(17).
3158
Let c(x) = 508*x**3 - 6602*x**2 - 50*x + 319. Calculate c(13).
7
Let t(r) = -196*r - 20086. Give t(-101).
-290
Let y(s) = 605*s - 23375. What is y(38)?
-385
Let v(f) = 11*f - 1158. Calculate v(96).
-102
Let q(a) = -6018*a**2 - 1414234*a - 942. What is q(-235)?
-2
Let i(j) = -j**3 - 112*j**2 - 1284*j + 209. What is i(-99)?
-88
Let h(q) = -q**3 + 29*q**2 + 385*q - 3298. What is h(37)?
-5
Let b(t) = -t**3 - 32*t**2 + 187*t + 7419. Determine b(-30).
9
Let p(y) = 402*y**2 - 2816*y - 9. Calculate p(7).
-23
Let s(g) = 4*g**3 + 13*g**2 - 208*g - 1350. Give s(-9).
-1341
Let c(k) = -4913*k - 479. What is c(0)?
-479
Let s(j) = j**3 + 1874*j**2 + 124539*j - 434. What is s(-69)?
-20
Let i(b) = 230*b**2 + 13564*b - 395. What is i(-59)?
-41
Let b(d) = -d**2 + 1925*d - 782381. Calculate b(1342).
5
Let c(g) = -4*g**3 - 19*g**2 + 152*g - 229. What is c(2)?
-33
Let t(a) = 6771*a - 33162. Give t(5).
693
Let a(j) = -j**3 - 28*j**2 + 6896*j - 35596. Give a(67).
-19
Let j(l) = 9414*l - 75329. Give j(8).
-17
Let l(c) = 5335*c - 41613. Calculate l(8).
1067
Let o(s) = 27*s**3 - 42740*s**2 - 1485*s - 155130. Determine o(1583).
4
Let w(h) = -3*h**2 - 436*h - 11554. Give w(-35).
31
Let j(o) = -o**3 - 215*o**2 - 1055*o - 1048. What is j(-210)?
2
Let x(y) = 246*y + 19313. Give x(-79).
-121
Let l(u) = 564*u - 66774. Determine l(119).
342
Let w(b) = 66980*b - 134226. Calculate w(2).
-266
Let n(s) = -160722*s + 321456. Calculate n(2).
12
Let d(m) = -m**3 + 11*m**2 + 157*m - 861. Calculate d(17).
74
Let n(m) = -166741*m + 10337941. What is n(62)?
-1
Let w(p) = -28*p**2 - 2442*p - 601. What is w(-87)?
-79
Let l(t) = -236557*t + 1655906. Determine l(7).
7
Let f(v) = -731*v + 296070. Determine f(405).
15
Let i(m) = 53*m**3 - 316*m**2 - 3*m + 17. Calculate i(6).
71
Let t(c) = 2*c**2 - 742*c + 31537. Give t(322).
-19
Let u(d) = d**3 - 111*d**2 - 258*d + 148. Calculate u(113).
-3468
Let t(d) = 2*d**2 + 349*d + 8272. Calculate t(-116).
-5300
Let a(s) = 138*s**2 - 26917*s + 1374. Determine a(195).
9
Let d(w) = 5331*w + 37582. Determine d(-7).
265
Let d(u) = -22*u**2 + 31*u + 32. Calculate d(0).
32
Let w(p) = 2091*p - 41857. What is w(20)?
-37
Let n(l) = 146*l - 7631. Give n(55).
399
Let p(s) = 1227*s**2 + 227002*s + 1302. Calculate p(-185).
7
Let r(p) = 38*p**3 + 16*p**2 - 14*p - 20. What is r(-4)?
-2140
Let y(r) = 2*r**2 + 3908*r + 31143. Calculate y(-8).
7
Let j(u) = -45*u**3 + 227*u**2 - 12733*u + 63613. Calculate j(5).
-2
Let w(a) = -4*a**2 + 974*a + 1369. Give w(243).
1855
Let v(h) = h**3 + 97*h**2 - 164*h + 3289. Give v(-99).
-77
Let l(f) = f**2 - 1049*f + 248872. Calculate l(363).
-146
Let k(x) = 28703*x - 315816. Determine k(11).
-83
Let u(w) = w**3 - 2*w**2 + 256*w + 1321. What is u(-5)?
-134
Let w(u) = 518*u + 10053. Determine w(-18).
729
Let g(y) = 2*y**2 + 79*y - 4544. Determine g(36).
892
Let i(p) = -236*p**2 + 29012*p + 17. Determine i(123).
-1951
Let c(r) = 32*r**2 - 317*r - 255. Give c(9).
-516
Let i(w) = -3*w**2 + 1227*w + 23115. What is i(-19)?
-1281
Let j(v) = -4*v**3 - 224*v**2 + 7*v - 278. Give j(-56).
-670
Let h(z) = z**2 - 16*z + 139. Give h(-6).
271
Let u(s) = 5138*s - 786094. Determine u(153).
20
Let v(o) = -142*o - 5584. What is v(-51)?
1658
Let o(z) = -3174*z + 7272. Give o(2).
924
Let s(t) = -12*t**2 + 119*t + 631. Determine s(-5).
-264
Let d(h) = -1248*h + 107336. Determine d(86).
8
Let d(n) = -2052*n - 868. Give d(0).
-868
Let w(q) = 59*q**3 + 35*q**2 - 23*q - 26. Determine w(-2).
-312
Let w(r) = -3*r**3 - 56*r**2 - 71*r + 279. What is w(-17)?
41
Let c(b) = 121*b**2 + 402*b - 1621. What is c(4)?
1923
Let z(m) = m**3 + 11*m**2 + 233*m + 1774. Calculate z(-8).
102
Let d(c) = -c**3 - 121*c**2 - 148*c + 10176. Determine d(-119).
-534
Let c(j) = -j**2 + 1328*j - 323250. Determine c(1007).
-3
Let g(t) = -6385*t + 83007. What is g(13)?
2
Let o(g) = g**3 - 24*g**2 - 458*g - 18. Determine o(-12).
294
Let v(o) = -4253*o - 149016. What is v(-35)?
-161
Let n(i) = i**3 - 81*i**2 + 1674*i + 63. Calculate n(41).
1457
Let t(r) = 8*r**3 + 4669*r - 4672. Calculate t(1).
5
Let s(i) = -10620*i - 5968448. Determine s(-562).
-8
Let j(g) = 89655*g - 179277. Give j(2).
33
Let f(i) = i**3 + 384*i**2 + 9968*i - 18. Calculate f(-356).
-18
Let z(h) = -h**3 + 39*h**2 - 187*h + 271. Give z(31).
2162
Let h(p) = -1564734*p - 34424144. Determine h(-22).
4
Let l(i) = -i**2 - 337*i + 7897. Calculate l(22).
-1
Let l(n) = -2358*n + 886470. What is l(376)?
-138
Let d(g) = -1017*g + 1912. Calculate d(2).
-122
Let n(f) = 37048*f + 741120. Give n(-20).
160
Let y(l) = 128*l**3 - 4736*l**2 + 3*l - 116. Determine y(37).
-5
Let s(c) = c**3 - 107*c**2 + 1604*c - 2401. Give s(16).
-33
Let d(w) = -37*w**2 - 697*w - 4219. What is d(-6)?
-1369
Let p(i) = -113020*i + 225836. What is p(2)?
-204
Let v(x) = -x**3 - 207*x**2 + 575*x + 281550. What is v(-203)?
-11
Let b(u) = 5*u**3 + 92*u**2 - 284*u - 184. What is b(-21)?
47
Let p(c) = 4*c**2 + 1468*c + 35469. Give p(-26).
5
Let p(d) = -117400*d - 92276402. What is p(-786)?
-2
Let j(w) = -20*w + 2638. Give j(157).
-502
Let j(h) = 357*h + 13094. Determine j(-36).
242
Let f(r) = 6*r**3 + 16*r**2 + 86*r + 317. Determine f(-5).
-463
Let h(f) = 2*f**2 - 116*f - 556. What is h(43)?
-1846
Let n(b) = -4*b**3 + 40*b**2 - 29*b - 40. What is n(9)?
23
Let n(j) = -27*j**2 - 124*j + 2169. Determine n(7).
-22
Let u(b) = -57*b**3 + 51930*b**2 - 2741*b + 7320. What is u(911)?
32
Let g(w) = 52*w**3 - 2*w**2 + 4063*w + 12198. What is g(-3)?
-1413
Let o(j) = j**3 + 58*j**2 + 339*j + 9436. Calculate o(-55).
-134
Let k(a) = -3*a**2 + 260270*a + 1041121. Determine k(-4).
-7
Let i(x) = -x**3 + 23*x**2 - 5*x - 9. What is i(9)?
1080
Let o(n) = -n**3 + 99*n**2 + 2115*n - 230682. What is o(96)?
6
Let v(q) = q**3 + 317*q**2 + 22043*q + 275. What is v(-214)?
61
Let c(h) = -h**2 - 4620*h - 209891. What is c(-46)?
513
Let j(w) = -245*w**2 + 38954*w + 157. Give j(159).
-2
Let z(j) = j**3 + 346*j**2 - 635*j + 143803. Calculate z(-349).
15
Let s(d) = -d**2 - 62*d + 2960. Give s(32).
-48
Let p(q) = 11*q**3 - 100*q**2 - 11*q + 178. What is p(9)?
-2
Let c(n) = n**3 - 34*n**2 - 14555*n + 521387. Give c(36).
-1
Let n(m) = -56*m - 3056. What is n(-51)?
-200
Let b(r) = 3895*r - 50452. What is b(13)?
183
Let y(k) = -168802*k - 3713644. Give y(-22).
0
Let t(q) = q**3 - 27*q**2 - 7596*q + 169527. Give t(22).
-5
Let w(q) = 2*q**2 + 3*q + 18. Give w(12).
342
Let n(m) = m**3 - 29*m**2 - 374*m - 165. What is n(39)?
459
Let r(v) = 4237*v + 228776. Calculate r(-54).
-22
Let h(p) = p**3 - 202*p**2 + 242*p - 8213. What is h(201)?
28
Let f(n) = n**3 + 86*n**2 + 125*n - 3434. Calculate f(-84).
178
Let u(l) = 3*l**3 + 28*l**2 - 51*l - 145. Determine u(-9).
395
Let m(f) = -2*f**3 + 33*f**2 + 252*f - 2941. Determine m(19).
42
Let m(v) = -1718*v + 45742. Determine m(27).
-644
Let j(c) = -2155*c - 194092. Calculate j(-90).
-142
Let f(q) = 1563*q + 3658. Determine f(-4).
-2594
Let h(f) = 3*f**3 - 228*f**2 + 3938*f + 1532. Calculate h(49).
13
Let l(o) = -132*o**2 + 78*o + 281. Calculate l(-4).
-2143
Let r(c) = -c**3 + 45*c**2 - 73*c - 768. Give r(43).
-209
Let t(d) = 3920*d + 12000. Calculate t(-3).
240
Let a(u) = -19*u**2 - 3204*u + 3225. Calculate a(1).
2
Let w(y) 